(-1). Suppose 5*d - 2 + 7 = 0, c = -3*o - 2*d + 4. Let x(y) = -y**2 + 4*y - 1. Determine x(o).
3
Let t(v) = -20*v. Let u(b) = -b**3 - 6*b**2 - 2*b - 11. Let i be u(-6). What is t(i)?
-20
Let a(y) = -y**2 + 7*y. Let j be (-6)/(-9)*-3 + 3. Let b be j/2 + 15/6. Suppose 0 = b*o + 2 - 11, 4*o = 2*f. What is a(f)?
6
Suppose 3*g = 2*g + v + 2, 8 = g + v. Let q(w) = 0*w**3 - 6 - w**3 + w + 0*w**3 + 5*w**2. Determine q(g).
-1
Let r(j) = -4*j + 11*j + 2 - 4 + 0. Give r(2).
12
Let w(o) be the first derivative of -o**3/3 - 13*o**2/2 + 5*o - 12. Give w(-13).
5
Suppose -o = -3*j - 15, 5*j + 2*o + 8 = -28. Let l(t) = t**2 + 7*t - 5. Determine l(j).
-11
Let b(d) = -11*d**3 - 15*d**2 + 9*d - 5. Let k(s) = -4*s**3 - 5*s**2 + 3*s - 2. Let a(v) = -3*b(v) + 8*k(v). What is a(-5)?
14
Let a(w) = -2*w - 1. Let p be a(2). Let v(n) be the third derivative of 0*n - 1/24*n**4 + 0 - n**2 - 2/3*n**3. Give v(p).
1
Let r(c) = 2*c - 6. Suppose 0 = -k + 3 + 1. Calculate r(k).
2
Let o(t) be the second derivative of t**5/20 + t**4/3 - 7*t**3/6 - 2*t**2 + t. Let d = 46 - 51. Calculate o(d).
6
Let c(y) = -3*y**2 + 10*y + 5. Let d(x) = -7*x**2 + 21*x + 10. Let s(i) = 9*c(i) - 4*d(i). What is s(-6)?
5
Let j(b) = -8*b - 1. Let i be 4*(-3)/(-1 + -2). Suppose -a = -2, h + i*a - 3 = 3. Calculate j(h).
15
Let v(a) = 2*a**3 - 2*a**2 + 1. Let y(k) = -k**2 - 6*k + 12. Let b(h) = -h - 1. Let n(i) = 2*b(i) + y(i). Let g be n(-9). Determine v(g).
1
Let z(h) = h**3 + 6*h**2 + 4*h - 4. Let o = 62 + -66. Give z(o).
12
Let h(p) be the third derivative of -p**4/24 + 5*p**3/6 - 6*p**2. Calculate h(4).
1
Let p(u) = u**3 + 7*u**2 - 10*u - 12. Suppose 43 = -5*q + h, -2*h = -3*h + 3. What is p(q)?
4
Let w = 7 - 4. Let q(v) = 3*v + 4 - w*v**3 + 4*v**3 - 5*v**2 + 0*v. Suppose 2*b = -2*b + f + 13, -f = -b + 4. What is q(b)?
-5
Let b(k) = -2*k + 5. Let l be b(5). Let i(x) = -x - 4*x + 31 - x**2 - 28. What is i(l)?
3
Let a(y) = -y**3 - 10*y**2 + 10*y - 16. Let h be a(-11). Let t(i) = i**3 + 5*i**2 + 3*i + 7. Determine t(h).
-8
Let u(j) = -5*j**3 - 2*j**2 - 4*j + 4. Let d(n) = -n**3 - n**2 - n + 1. Let m(x) = -6*d(x) + u(x). Calculate m(-4).
-10
Let x be (0 - (-6)/(-3)) + 3. Let q = x - -1. Let f(n) = 0*n**q + 0*n**2 + n**2 + 6*n + 3. Determine f(-5).
-2
Let g = 3 - 4. Let h be (0 - g) + (-2 - -5). Let l(y) = -4*y + 3*y**2 + y**2 - 1 - 3*y**2. Give l(h).
-1
Let c(v) = -2*v - 2. Let q(f) = f**3 - 4*f**2 + 3*f - 6. Let n be q(4). Suppose 4*j - n = j. Suppose j = -t + 4. What is c(t)?
-6
Suppose 2*t + 2*t = 16. Let f(p) = -1 - p**3 + 0 - 2*p**3 - 3*p**2 + t*p**3 + 2*p. Give f(2).
-1
Let m(x) = -x**3 + 4*x**2 + 5*x + 4. Let n be m(5). Let k(b) = -2*b + 1 - 4 + 2*b + n*b. Give k(3).
9
Let z = -13 + 27. Let i be (-6)/z + (-12)/(-28). Let l(k) = -k**2 - k - 3. Give l(i).
-3
Let k(x) = -x**2 - 3*x + 4. Let n be k(-5). Let j(i) = -i**2 - 8*i + 1. Give j(n).
13
Suppose n + 0*q + 2*q = 13, 5*n = -2*q + 33. Let o(f) = f. Let h be o(n). Let p(z) = -z + 1. Let t be p(h). Let w(s) = -s**3 - 3*s**2 + 7*s + 6. Give w(t).
-6
Let d(p) = 4*p**2 - 5*p + 2. Let y(j) = 9*j**2 - 10*j + 5. Let b(c) = -7*d(c) + 3*y(c). Calculate b(4).
5
Suppose -2*m - 6 = -0*n - 4*n, -n - 3 = -5*m. Let z(t) be the second derivative of -t**3/6 + 3*t**2/2 - 4*t. Determine z(n).
1
Suppose -2*h = -4*h + 12. Let k be ((-10)/3)/((-4)/h). Let a be 2/k*(3 - 8). Let t(r) = -r + 1. What is t(a)?
3
Let f(b) = -155 - 157 + 313 - 5*b. Calculate f(-2).
11
Let k(t) = 4*t**2 - t - 4. Let n(q) = -q - 2. Let l be n(4). Let a(o) = -5*o**2 + o + 3. Let z(j) = l*k(j) - 5*a(j). What is z(0)?
9
Suppose -g - 3*g = 24. Let p be 4/g*(-12)/8. Let v(m) be the third derivative of -m**6/120 + m**5/60 - m**4/24 + m**3/6 - m**2. Give v(p).
0
Let b(p) = 5*p**2 - 2*p. Let u(l) = -6*l**2 + 3*l - 1. Let r(j) = -3*b(j) - 2*u(j). Calculate r(2).
-10
Let x be (-2)/((-1)/(-6) + (-78)/36). Let o(k) = -6*k**3 + 2*k**2 - 2*k + 1. Give o(x).
-5
Let f(l) = -2 - l + l - 3*l + 2*l. Let h be f(-1). Let v(n) = n**3 - n**2 + n. Let a(i) = 5*i**3 - 2*i**2 + 4*i. Let u(z) = a(z) - 3*v(z). Determine u(h).
-2
Let u(v) = -3*v. Suppose -4*y = -2*r - 2, -5*y - r - r = 2. Let x be (2 - 0)*(-1)/2. Let o = y - x. Give u(o).
-3
Let h(n) be the second derivative of 0 - 1/20*n**5 + 1/2*n**3 - 2*n**2 - 1/12*n**4 + 3*n. Calculate h(-3).
5
Let g(f) be the second derivative of f**5/60 + f**4/12 - f**3/3 + 2*f. Let i(h) be the second derivative of g(h). Determine i(2).
6
Let w(b) = -b + 4. Suppose -2*a - 45 = -7*a. Suppose -31*u + 12 = -29*u. Let i = a - u. What is w(i)?
1
Let y(m) = m**2 + m - 2. Suppose -3 = -3*d + 3. Suppose 4*p - d = -10. What is y(p)?
0
Let w(k) = 5*k - 9. Let s(j) = -4*j + 8. Let z(m) = 4*s(m) + 3*w(m). Let i be z(3). Let v = i - 1. Let q(t) = 2*t**2 - t + 1. Calculate q(v).
2
Let n(p) = 5*p. Let j(v) = -3*v. Let b(m) = -7*j(m) - 4*n(m). Calculate b(-2).
-2
Let j(n) = -7*n**2 - 7*n + 3. Let i(o) = 3*o**2 + 3*o - 1. Let b(f) = 5*i(f) + 2*j(f). Calculate b(4).
21
Let h(v) be the second derivative of v**6/120 - 7*v**5/60 + v**4/12 - 4*v**3/3 - 5*v**2/2 + 2*v. Let b(k) be the first derivative of h(k). Determine b(7).
6
Let u(h) = 4*h**2 + 0*h**2 - 3 - 3*h**2 - h. Let r(a) = a + 3. Let i be r(-1). Suppose -15 = 3*m, 4*x + 3*m + i*m = -25. Determine u(x).
-3
Let d(b) = -b**2 + b + 36. Let i be d(0). Let a be (1/3)/((-4)/i). Let t(h) = h + 4. Give t(a).
1
Let y(p) = -5*p**2 - 5*p**2 - 2 + p + 9*p**2. Calculate y(2).
-4
Let s(w) = 57*w**2 - 110*w**2 + 54*w**2 - w. Give s(-2).
6
Let k(u) = u**3 - 3*u + 3. Let c(s) = -2*s + 3*s**2 + 5*s + s**2 + s**3. Let w be c(-2). Determine k(w).
5
Let d be 0*(9/(-3))/(-3). Let y = d - -2. Let q(x) = y*x - x + x + 4 - x. Determine q(-5).
-1
Let k(b) be the third derivative of b**6/120 - b**5/12 - b**4/24 - 2*b**3/3 + 2*b**2. Give k(5).
-9
Suppose 6 = -5*m + u - 10, -4*m - 14 = -2*u. Let y(n) be the second derivative of n**3/6 - 5*n. Determine y(m).
-3
Let l = -8 - -6. Let o(k) = -3*k - 2. Let d(w) = 3*w + 1. Let p(q) = 3*d(q) + 2*o(q). Let n(h) = -h + 1. Let m(u) = l*n(u) - p(u). Determine m(4).
-5
Let a = -45 + 50. Let v(u) be the second derivative of -u**2 + 0 - u + 1/6*u**3 - 1/20*u**a + 1/4*u**4. What is v(3)?
1
Let m be 3/7 + 448/98. Let c(j) = -3*j**2 + 2*j + 4*j**3 - 3*j**3 + 1 + 1 - m. Let g = -8 + 11. Determine c(g).
3
Let y(u) = -2*u**3 + u**3 + 27*u**2 + 8 - 13*u**2 - 25*u**2. Give y(-11).
8
Let v(o) = -o**2 + 5*o + 2. Let m be -4 + (-2 - -2) - -8. What is v(m)?
6
Let n(u) = -5*u**3 + 1. Let w be (-1)/2 - 22/4. Let g be (4/w)/((-4)/6). What is n(g)?
-4
Let t(n) = -n - 4*n + n**2 + n - 6 + 8*n. What is t(-5)?
-1
Let p be (2 - 1)*-2*-1. Let o(l) be the second derivative of l**5/20 - l**4/4 - l**3/6 + l**2 - 14*l. Calculate o(p).
-4
Suppose -4*q = -2*l - l + 11, -4*l - 3*q - 2 = 0. Let z(c) = -l + 1 + c + 2. Determine z(0).
2
Let m(x) = x - 11*x + 5 + 11*x. Suppose -1 + 11 = -2*g. Let z(b) = -2*b - 9. Let u(j) = g*m(j) - 3*z(j). Calculate u(-3).
-1
Let m(k) be the third derivative of -k**4/12 + k**3/3 + 2*k**2. Determine m(4).
-6
Let c(b) = 5*b - b - 6*b + b - 2*b**2. Suppose -5*i = -y + 11, -y - 4 - 5 = 5*i. Let x be 1/2*i - 1. What is c(x)?
-6
Let s(k) = 0*k**2 - 5*k - 2 - 1 - k**2. Suppose 5*l - 21 = n + n, 3*n + 4*l - 3 = 0. Determine s(n).
3
Let u be (0 - -1 - 6) + 1. Let y(w) = -2*w + 3. Let d(j) = 4*j - 5. Let p(i) = -6*d(i) - 11*y(i). What is p(u)?
5
Let p be -2*(1 + (-1 - 2)). Let b(k) = k**3 - 4*k**2 + 3*k - 4. Give b(p).
8
Let h = -2 - 2. Let n(u) = -u**3 - 5*u**2 - 4*u + 2. Give n(h).
2
Suppose -5*p + 6*z - z + 10 = 0, 2*p + 4*z - 22 = 0. Let q(d) = -2*d - 3. Let w be q(-4). Let f(n) = 2*n**3 - w*n**2 - n**3 + 0*n - n + 3. Determine f(p).
-2
Let f(s) be the first derivative of s**3/3 - s**2 - s + 1. Give f(-2).
7
Let m(l) = 7*l**3 - 12*l**2 - l + 13. Let j(h) = -6*h**3 + 11*h**2 - 12. Let o(g) = -6*j(g) - 5*m(g). Give o(5).
7
Let n be (-3 + (-5)/(-2))*(-4)/1. Let w(q) = -q**3 + 4*q**2. Calculate w(n).
8
Let s be (-1)/(-2*3/18). Let w(f) = f**3 + f - f**2 + 0*f - 2*f**2 - 1. Calculate w(s).
2
Let f(v) = v**2 - 6*v + 2. Suppose 0 = -4*n + 2 + 14. What is f(n)?
-6
Suppose 4*l - 12 = -4. Let q(w) be the first derivative of 2 + 1/4*w**4 + 3*w - 1/3*w**3 - 1/2*w**l. Give q(0).
3
Suppose -5*f - 5*w = 10, -3*f - 4*w + 2 - 13 = 0. Let r(z) = f + 9 + z**